onvert 3513531 (base 6) to base 4.
230023333
-112541551 (base 7) to base 9
-14013521
What is 1010011110001110001 (base 2) in base 5?
41440103
What is -135545020 (base 6) in base 14?
-52b8b2
Convert -2221302 (base 5) to base 7.
-221364
What is -1028b79 (base 15) in base 11?
-655a279
-22012000001211 (base 3) to base 16
-426028
Convert c846a (base 14) to base 2.
1110110000111101110
-1130013202 (base 4) to base 15
-76be4
What is -252f6 (base 16) in base 9?
-251833
Convert -1001111011001101101 (base 2) to base 4.
-1033121231
What is -20434144 (base 5) in base 9?
-280723
-8612b0 (base 13) to base 9
-5822254
9c5c (base 14) to base 11
19424
Convert 13312421 (base 7) to base 6.
42211225
Convert -2492a20 (base 12) to base 10.
-7158840
What is -1432b8 (base 13) in base 3?
-221000202002
Convert 7231f5 (base 16) to base 11.
425183a
7aa7 (base 12) to base 4
3111133
2111101200200 (base 3) to base 13
375a59
-336708 (base 11) to base 13
-159c15
What is 345999 (base 10) in base 9?
576553
Convert 314200302 (base 6) to base 16.
543eae
-626536 (base 7) to base 15
-21ed4
-6734267 (base 8) to base 5
-431114014
What is 4402134101 (base 5) in base 13?
1c46bca
What is -137c6 (base 16) in base 13?
-2a437
What is 1002017 (base 9) in base 13?
158746
What is -1420103 (base 5) in base 2?
-111001011011011
Convert -243b8 (base 14) to base 13.
-31402
Convert -164358 (base 11) to base 10.
-254647
293314 (base 13) to base 10
1006750
What is -1106 (base 14) in base 16?
-b82
14d607 (base 14) to base 13
1c6695
Convert 1211120110100 (base 3) to base 2.
11101110001101110111
What is -3320001020 (base 4) in base 5?
-230002010
Convert -155033501 (base 6) to base 5.
-1322123133
What is -122101201 (base 3) in base 13?
-5a07
What is 11444410 (base 5) in base 11?
75184
Convert -2153610 (base 7) to base 2.
-1000000110011100000
What is 586487 (base 9) in base 10?
352510
Convert -4eb40 (base 16) to base 5.
-40303433
-322cb (base 16) to base 5
-23034030
Convert 240516 (base 8) to base 10.
82254
What is -2021033333 (base 5) in base 15?
-559063
Convert -26736 (base 8) to base 13.
-5463
Convert 6553240 (base 8) to base 4.
12231122200
Convert -12597 (base 16) to base 15.
-17409
Convert -1b47842 (base 12) to base 5.
-2442210003
Convert -20032342 (base 5) to base 14.
-41a76
5206385 (base 10) to base 3
100210111211002
-6f0ebb (base 16) to base 5
-3330401032
-110132023 (base 4) to base 9
-137017
Convert -2c7fa (base 16) to base 4.
-230133322
Convert -130414 (base 6) to base 16.
-2e2a
1011101010010100010 (base 2) to base 4
1131102202
What is 101000001010100111 (base 2) in base 7?
1253435
Convert 1111113213 (base 5) to base 8.
11240723
What is 5244063 (base 7) in base 14?
1268da
Convert -2042143 (base 7) to base 3.
-110110222211
What is -585686 (base 10) in base 14?
-11362a
8074053 (base 10) to base 13
1899060
Convert 1152035315 (base 6) to base 16.
ca42df
420514 (base 10) to base 13
119533
2acd0 (base 14) to base 10
106806
2e263 (base 16) to base 12
91483
-1011110101110011110 (base 2) to base 8
-1365636
11101000011010100 (base 2) to base 11
81449
-232097 (base 11) to base 16
-5a099
21342 (base 6) to base 2
101101111110
Convert 20412014 (base 5) to base 4.
221122202
Convert -54231522 (base 6) to base 7.
-16436444
Convert -3400134 (base 5) to base 14.
-17923
What is -10c5b7 (base 16) in base 14?
-208819
-30773103 (base 8) to base 11
-3774a42
What is 988037 (base 13) in base 2?
1101101011111010100011
101001001100011101001000 (base 2) to base 14
1611676
11010010001011010 (base 2) to base 15
21d40
-1c7a6 (base 15) to base 11
-63845
What is -872576 (base 9) in base 13?
-152a54
-7821617 (base 10) to base 5
-4000242432
Convert 325042 (base 10) to base 4.
1033112302
Convert 493441 (base 12) to base 11.
741423
Convert -211322013 (base 4) to base 3.
-21212222210
What is 1330310203 (base 4) in base 3?
221222022211
What is 111230040 (base 5) in base 4?
1320033220
Convert -2200553 (base 7) to base 13.
-956b4
70684 (base 11) to base 14
2990d
What is -116 (base 12) in base 4?
-2202
What is -34631302 (base 8) in base 11?
-4297174
172a963 (base 11) to base 9
5474521
402775 (base 9) to base 4
322023101
-102771 (base 8) to base 16
-85f9
Convert 4233262 (base 9) to base 3.
11021010022002
What is 5251535 (base 6) in base 12?
103bab
4b002 (base 16) to base 7
2416430
Convert 72045 (base 9) to base 13.
18782
100100110101001111000 (base 2) to base 8
4465170
What is -53043304 (base 6) in base 14?
-2c3396
Convert -59192 (base 11) to base 10.
-85406
Convert -12243022 (base 5) to base 7.
-1002342
Convert 124593a (base 11) to base 5.
1023110024
26436022 (base 7) to base 15
32ecaa
Convert -52201022 (base 7) to base 13.
-ba7a66
What is 42422532 (base 8) in base 10?
9053530
Convert -10143034 (base 5) to base 6.
-1445320
What is -424620 (base 8) in base 7?
-1130104
What is 2205141 (base 8) in base 7?
5015231
Convert -366a3 (base 14) to base 3.
-20202111002
What is 8c8a57 (base 13) in base 9?
6238182
Convert b2da70 (base 15) to base 11.
48866a3
What is 8673666 (base 9) in base 6?
243432310
What is 76a4b (base 14) in base 15?
5a253
Convert -146313 (base 10) to base 13.
-5179b
What is 501535553 (base 6) in base 9?
16867386
Convert -211010332321 (base 4) to base 16.
-944fb9
1110001010011110101000 (base 2) to base 11
2106647
ac96c (base 13) to base 16
4c8f1
What is -20a71c (base 13) in base 12?
-30b198
153343 (base 14) to base 7
6164613
-215401121 (base 6) to base 14
-738961
-73d4 (base 15) to base 10
-24499
What is 14041122 (base 5) in base 3?
21021112221
6a114 (base 12) to base 13
4c750
What is -3311055 (base 9) in base 7?
-21056015
What is -2005114 (base 6) in base 14?
-265b8
5222052 (base 9) to base 2
1010101001001000101010
-100100000101010111101 (base 2) to base 5
-300314042
What is -14540355 (base 6) in base 4?
-1330230233
What is 11110221003 (base 4) in base 6?
45523323
Convert -32aac2 (base 13) to base 12.
-497543
What is -1000110111101111100 (base 2) in base 8?
-1067574
What is -1100121221102 (base 3) in base 15?
-e3928
What is -122101111020100 (base 3) in base 2?
-100011010000000110001111
What is 7557f (base 16) in base 10?
480639
What is -13638a5 (base 13) in base 11?
-3500167
Convert -ed79 (base 15) to base 5.
-3102124
What is -439887 (base 10) in base 8?
-1533117
Convert -556895 (base 11) to base 12.
-36973a
Convert 83a326 (base 11) to base 10.
1346032
Convert 11134244 (base 5) to base 11.
68695
-33210111323 (base 4) to base 14
-783375
-4dced (base 15) to base 12
-10032a
a6249 (base 14) to base 4
1201322321
What is 2022003 (base 5) in base 6?
411345
Convert -a3987 (base 16) to base 11.
-4184a0
Convert -233214 (base 8) to base 5.
-10021000
Convert 149074 (base 11) to base 12.
b20a3
What is 6563517 (base 8) in base 5?
422410101
What is 10010010100111111011111 (base 2) in base 9?
10032566
-5aba8 (base 13) to base 7
-1263134
-8587b6 (base 13) to base 15
-41d03c
Convert -208802 (base 10) to base 9.
-347372
What is -110100000000110100000 (base 2) in base 15?
-239ed7
What is 3d311 (base 14) in base 11?
a3929
Convert -280215 (base 9) to base 13.
-5c957
Convert -2002000012111 (base 3) to base 8.
-4151074
Convert -2030620 (base 7) to base 3.
-110100001221
What is -545227 (base 12) in base 9?
-2455654
What is a5943 (base 16) in base 12?
288597
217312 (base 8) to base 11
50184
Convert -110021101112122 (base 3) to base 16.
-638786
570761 (base 10) to base 11
35a904
Convert -1671a4 (base 12) to base 3.
-201120221221
What is 190787 (base 12) in base 15?
89547
-139366 (base 10) to base 14
-38b0a
-1012122111022202 (base 3) to base 4
-1002023330210
1011111110110101110 (base 2) to base 6
12225410
101001011100101101 (base 2) to base 8
513455
What is 9a5490 (base 11) in base 2?
110000111011000100011
-2476527 (base 8) to base 4
-2213311113
What is -6124165 (base 7) in base 12?
-2b1a37
Convert -20012022010 (base 3) to base 10.
-121962
-11201331 (base 6) to base 16
-539d7
9a892 (base 12) to base 3
101102102202
Convert 1054131 (base 10) to base 14.
1d6231
-300332301 (base 4) to base 13
-70419
Convert -113233332220 (base 4) to base 13.
-139ca32
Convert -18c46b (base 13) to base 4.
-2121003132
203111303 (base 4) to base 3
21100120022
Convert -848005 (base 12) to base 3.
-10221001102012
Convert 24718 (base 12) to base 14.
14016
1211032240 (base 5) to b